{"id":90,"date":"2019-01-18T17:12:42","date_gmt":"2019-01-18T16:12:42","guid":{"rendered":"http:\/\/petrbrandejs.cz\/index.php\/?page_id=90"},"modified":"2022-12-28T13:07:57","modified_gmt":"2022-12-28T12:07:57","slug":"jamcamp-tyn-n-vlt-srpen","status":"publish","type":"page","link":"https:\/\/petrbrandejs.cz\/index.php\/dilny\/jamcamp-tyn-n-vlt-srpen\/","title":{"rendered":"JamCamp T\u00fdn n. Vlt. (srpen)"},"content":{"rendered":"\n<p>P\u0159\u00e1tel\u00e9 pro svoje vyt\u00ed\u017een\u00ed u\u017e JamCampy v T\u00fdn\u011b nad Vltavou neorganizuji. T\u0159eba a\u017e mi zase vznikne n\u011bjak\u00fd voln\u00fd \u010das&#8230;:-)<\/p>\n","protected":false},"excerpt":{"rendered":"<p>P\u0159\u00e1tel\u00e9 pro svoje vyt\u00ed\u017een\u00ed u\u017e JamCampy v T\u00fdn\u011b nad Vltavou neorganizuji. T\u0159eba a\u017e mi zase vznikne n\u011bjak\u00fd voln\u00fd \u010das&#8230;:-)<\/p>\n","protected":false},"author":1,"featured_media":0,"parent":43,"menu_order":0,"comment_status":"closed","ping_status":"closed","template":"sidebar-page.php","meta":{"footnotes":""},"_links":{"self":[{"href":"https:\/\/petrbrandejs.cz\/index.php\/wp-json\/wp\/v2\/pages\/90"}],"collection":[{"href":"https:\/\/petrbrandejs.cz\/index.php\/wp-json\/wp\/v2\/pages"}],"about":[{"href":"https:\/\/petrbrandejs.cz\/index.php\/wp-json\/wp\/v2\/types\/page"}],"author":[{"embeddable":true,"href":"https:\/\/petrbrandejs.cz\/index.php\/wp-json\/wp\/v2\/users\/1"}],"replies":[{"embeddable":true,"href":"https:\/\/petrbrandejs.cz\/index.php\/wp-json\/wp\/v2\/comments?post=90"}],"version-history":[{"count":2,"href":"https:\/\/petrbrandejs.cz\/index.php\/wp-json\/wp\/v2\/pages\/90\/revisions"}],"predecessor-version":[{"id":629,"href":"https:\/\/petrbrandejs.cz\/index.php\/wp-json\/wp\/v2\/pages\/90\/revisions\/629"}],"up":[{"embeddable":true,"href":"https:\/\/petrbrandejs.cz\/index.php\/wp-json\/wp\/v2\/pages\/43"}],"wp:attachment":[{"href":"https:\/\/petrbrandejs.cz\/index.php\/wp-json\/wp\/v2\/media?parent=90"}],"curies":[{"name":"wp","href":"https:\/\/api.w.org\/{rel}","templated":true}]}}